 divided by z.
16
Suppose 0*i = i + 2*n + 1, -5*i + 5*n = 5. Suppose 2 = -3*p + 5*p. What is the remainder when 23 is divided by (p - 1*i)/((-34)/(-221))?
10
Let a = -28620 - -28699. Calculate the remainder when 558 is divided by a.
5
What is the remainder when (92/(-12))/((-536)/264 + 2) is divided by 1/((-519)/87 - -6)?
21
Let n be (-2 - -10)/(3 + -1). Suppose 0 = -4*j - n*j + 384. Suppose -2*z = 6, 4*l - z = 3*l + j. What is the remainder when l is divided by 23?
22
Let h(w) = 191*w - 6266. Calculate the remainder when h(34) is divided by 112.
4
What is the remainder when 6 + 45/15 + 989 is divided by 32?
6
Suppose 16*h - 24*h = -112. Suppose -4*m + 18*o + 1496 = h*o, -2*o = 3*m - 1107. Calculate the remainder when m is divided by 17.
14
Suppose -2*q + 93*d = 97*d - 44, 2*q = -2*d + 34. What is the remainder when 12 is divided by q?
0
Suppose 0 = 31*j + 548 - 27828. What is the remainder when j is divided by 21?
19
Let y = 779 + -449. Let q = y - 203. Calculate the remainder when q is divided by 32.
31
Let p(m) = 3*m**2 - m. Let y be p(1). Suppose 5*t = 4*q - 0*t - 5, -1 = y*q + t. Suppose -5*c + 72 - 67 = q. Calculate the remainder when 4 is divided by c.
0
Let b(i) = -16*i - 3. Let s be -3*1*(-13 - -11) - 0. Suppose 0 = j - 4*r + 7 - 35, -s = 2*r. Calculate the remainder when b(-2) is divided by j.
13
Calculate the remainder when 36 + -10 + (-35)/((-42)/(-6)) is divided by 4/(-14) - (-51)/7.
0
Suppose 5*w - 65 = -3*a, -a = 3*a + 3*w - 72. Suppose -11*f + a*f = 28. What is the remainder when f is divided by (-7 - 3)*(-4)/8?
2
Suppose -4*o = 4*h - 1176, -5*h + 274 = -6*o + 7*o. What is the remainder when o is divided by 15?
14
Suppose 4*w - 228 - 147 = -3*d, 15 = -5*w. Calculate the remainder when d is divided by 13.
12
Suppose 0 = 4*f - 389 - 203. Suppose 144*s - f*s = -16. What is the remainder when 10 is divided by s?
2
Suppose -83 = -4*y + 29. Suppose y = -j - 44. What is the remainder when 11/((-44)/j) - -1 is divided by 7?
5
Let z = 7801 - 6827. Calculate the remainder when z is divided by 39.
38
Suppose 147*i - u = 150*i - 45, i = 4*u + 15. What is the remainder when 1738 is divided by i?
13
Let h(l) = l**2 + 7*l + 7. Let z(s) = 5*s**2 + 4*s - 3. Let q = -41 - -37. What is the remainder when z(q) is divided by h(-7)?
5
Let n(q) = -58*q. Let v be 5 + (-4 - ((-103)/1 + 2)). Let k = v - 67. What is the remainder when n(-3) is divided by k?
34
Suppose -n = 4*p - 270 - 137, 4*p = 3*n + 379. Suppose 3*c + c = 124. Calculate the remainder when p is divided by c.
7
Let v(s) be the first derivative of -s**3/3 + 5*s**2/2 - 4. Let j be v(-5). Let t = j - -61. Calculate the remainder when 32 is divided by t.
10
Let z = 251 - 247. Suppose z*l - 6*l - 2*i = -62, 0 = -2*l - 3*i + 66. Calculate the remainder when 626/8 - 2/8 is divided by l.
24
What is the remainder when 634 is divided by (13 - 20)*(-2)/(-7) + 34?
26
Let v be 70/(-28)*(-18)/5. Suppose -36*j = -v*j - 378. What is the remainder when 572 is divided by j?
12
Let r = -145 + 155. Let v = r - -27. Calculate the remainder when 72 is divided by v.
35
Let a = -6 - -41. Suppose -l = -c + 50 + 26, 2*l = -2*c + 172. What is the remainder when c is divided by a?
11
Let s be 6 - (2 + 0) - 2. Suppose 3*k - 318 = 3*p + 342, -5*p - 4*k - 1109 = 0. Calculate the remainder when 17 is divided by p/(-34) - s/4.
5
What is the remainder when 62 is divided by (-204 - 0)/(-6) - (-44)/(-22)?
30
Let b = 9242 - 8872. Calculate the remainder when b is divided by 116.
22
Suppose -179*s + 18*s = -10390 - 12633. Calculate the remainder when s is divided by (1 - 1) + 37*1.
32
Let i(f) = 6*f + 139. Let v(j) = 36*j - 231. Let w be v(6). What is the remainder when i(w) is divided by 35?
14
Suppose -5*n - 4*d + 44 = 0, -3*n - 2*d + 26 = -0*n. Suppose -n*i + 153 = -31. What is the remainder when i is divided by 5?
3
Let h = 53 - 21. Let l be 32 + (4 + 5 - 4). What is the remainder when (25/(-2))/(l/(-370)) is divided by h?
29
Let u(r) = -45*r**2 + 369*r - 37. What is the remainder when 1674 is divided by u(6)?
3
Suppose 24*k + 2921 = k. Let r = 134 + k. Calculate the remainder when 111 is divided by r.
6
Let u(l) = 2*l**2 - 32*l - 287. What is the remainder when u(29) is divided by 156?
155
Let w(v) = -117*v + 21. Let u be w(-4). Let y = -339 + u. What is the remainder when y is divided by 17?
14
Let f(b) = -b**3 - 30*b + 16. Calculate the remainder when 1199 is divided by f(0).
15
Let i(f) = -16*f**2 + 11. Let j be i(-5). Let t = -281 - j. What is the remainder when t is divided by 21?
3
Let q be 3 + -5 + 1 + 4. Suppose 0 = -q*v + 4*s - s - 201, -3*v - 200 = -2*s. Let k = 90 + v. What is the remainder when 91 is divided by k?
19
Let s(b) = 41*b + 4. Suppose 0*h = -h - 4. Let c be (0 - h)*(-2)/(-8). Calculate the remainder when s(c) is divided by 16.
13
Let b(g) = -290*g + 22031. Let z(l) = 75*l**3 - l**2 + l - 1. Calculate the remainder when b(75) is divided by z(1).
59
Calculate the remainder when 345 is divided by 6/(-21*38/(-35245)).
80
Let o = 0 + 11. Let b = 1405 + -1324. Suppose 0 = 3*j - 9, 85*y - b*y - 4*j - 288 = 0. Calculate the remainder when y is divided by o.
9
Suppose 7 = 2*a - 5*v + 3, -10 = -5*v. Let q be a - (-423)/(-63) - 54/(-7). Suppose 0 = q*y - 11*y + 282. Calculate the remainder when y is divided by 49.
45
Suppose -21 = 3*r, 2*j - 3*r = 59 + 74. What is the remainder when 449 is divided by j?
1
Let b be (35/(-14))/5*0. What is the remainder when 114 is divided by ((-1)/(1 + b))/(17/(-391))?
22
Let x(r) = 16*r + 2. Let q = -112141 + 112168. What is the remainder when x(5) is divided by q?
1
Suppose 102*d - 2105 = 835 + 3180. Calculate the remainder when 364 is divided by d.
4
Let y(o) = o**3 + 31*o**2 + 66*o - 53. What is the remainder when y(-28) is divided by 116?
103
Let h(g) be the third derivative of -g**4/4 - 59*g**3/6 - 166*g**2. Calculate the remainder when h(-23) is divided by 45.
34
Let l(d) = d**2 + 13. Let t be l(-5). What is the remainder when 37 is divided by (-14)/7*t/(-4)?
18
Let n = 270 + -269. Let q(v) = 6*v - 4. Calculate the remainder when n + 3*150/9 is divided by q(5).
25
Let c(p) = p**2 - 14*p + 12. Let v be c(20). Suppose 0 = -5*k - 2 + v. What is the remainder when k is divided by 4?
2
Let k(q) = 31*q**3 - 9*q**2 - 11*q + 12. Calculate the remainder when k(3) is divided by 41.
38
Let l = -40 - 247. Let p = 309 + l. Calculate the remainder when p is divided by 14.
8
Suppose -158*i = -124*i - 31722. Calculate the remainder when i is divided by 3.
0
Let y be -2*(-294)/33 + (-6)/(-33). Calculate the remainder when (8 + 1)/(3/15) is divided by 168/y - (-4)/(-3).
5
Suppose -8*o + 51 + 61 = 0. Suppose 5*d = o + 71. Suppose v - n - 3 = 4, -5*n - d = v. Calculate the remainder when 14 is divided by v.
2
Let k be (-4)/(-5)*(2 + (-2002)/(-4)). Let a = k + -392. Calculate the remainder when 40 is divided by a.
0
Let j(q) = 111*q + 1. Let c be j(1). Let m(g) = g**3 + 15*g**2 + 48*g - 4. Calculate the remainder when m(-7) is divided by c/6 - (-20)/(-30).
16
Let x = 101 + -39. Suppose 4*s = -26 + x. Let j(w) = -w**3 + w**2 + 4*w + 1. Calculate the remainder when j(-3) is divided by s.
7
What is the remainder when 836 is divided by (-56)/(-168) + (-628)/(-6)?
101
Let z(u) = 5*u + 7. Let f = 6 + -16. Let w be ((-12)/15)/(2/f). Calculate the remainder when 79 is divided by z(w).
25
What is the remainder when (33/1 + -2)/((-17)/(-272)) is divided by 170?
156
Calculate the remainder when 5794 is divided by 214 + -205 - (-2 + -1).
10
Suppose -2263 = -12*i + 869. Let t = i + -234. What is the remainder when t is divided by 10?
7
Suppose 36 = 3*p + 3*s - 51, -2*p + 79 = 5*s. What is the remainder when 1735 is divided by p?
19
Let j(k) = 130*k**2 + 2335*k - 33. Let b be (-6)/1*(-13 - 0). Let m = b + -49. Calculate the remainder when j(-18) is divided by m.
28
What is the remainder when 379 is divided by (-18 + (-2489)/(-38))*4/10?
18
Suppose -4*p + 500 = 4*d - 0*p, 2*d - 238 = -4*p. What is the remainder when 793 is divided by d?
7
Let d(s) = -s**3 + 49*s**2 - 284*s - 162. Calculate the remainder when 1524 is divided by d(42).
234
Let r(p) = -22*p**2 - 120*p - 20. Calculate the remainder when 2247 is divided by r(-5).
27
Suppose -82 = -293*c + 282*c + 215. Calculate the remainder when 967 is 